o = -3*z + x. Is o composite?
False
Is (317/(-2))/(2/(-4)) a prime number?
True
Suppose 0*p + 4*p - 292 = 0. Let v = -27 + 61. Let g = p - v. Is g a prime number?
False
Suppose 3*r + 0*r = 0. Suppose m + 3*w = -4*m - 37, -4*m - 5*w - 40 = r. Let h = 5 - m. Is h a composite number?
True
Let z(u) = -52*u - 5. Suppose 0*i - 12 = 3*i. Is z(i) prime?
False
Let a(i) = 4*i**3 + 2*i**2. Let u(t) = 2*t**3 + t**2. Let d(v) = 3*a(v) - 5*u(v). Let s be d(1). Suppose -4*z = -s*b - 91 - 59, -2*z = 2*b - 82. Is z composite?
True
Suppose -5*w - 4*v + 3867 = 0, 3*w = -v - v + 2319. Is w a composite number?
True
Let m(g) = -g**3 - 7*g**2 - 11*g - 8. Let z be (1 + 0 + 0)*-7. Is m(z) a composite number?
True
Suppose -u = -49 - 18. Is u prime?
True
Let u(v) be the first derivative of v**4/4 + 4*v**3 - 4*v**2 + 2*v - 3. Is u(-11) prime?
True
Let j(t) be the second derivative of t**5/20 + 2*t**4/3 - t**3/6 - 3*t**2 - 2*t. Let w be j(-8). Suppose 2*z - 28 = -w*z. Is z prime?
True
Suppose 2*v = -5*y + 984 + 475, -5*y - 752 = -v. Is v a prime number?
False
Suppose -962 + 317 = -5*q - 5*p, -3*q - 5*p + 391 = 0. Is q prime?
True
Let n be (-64)/36 + 6/(-27). Is 20 - (4 - 2)/n a prime number?
False
Let g = -124 + 483. Is g prime?
True
Suppose -t + 12 = 2*t. Let x be -4*(-4 - 1734/24). Suppose i - 5*u - 79 = t, x = 5*i - 3*u. Is i prime?
False
Let k(s) = 19*s**2 - s - 1. Let z be k(-1). Suppose -2*j + z = 2*a + a, -3*a = -15. Suppose 187 = 5*u + j*w, -w + 57 = 2*u - 17. Is u a prime number?
False
Let q be ((-1)/(-1))/((-1)/(-2)). Let f be (3/q)/(3/6). Suppose 3*s = -f*y + 90, 5*s = -0*s - 15. Is y prime?
False
Let p(s) = 4*s**2 + 13*s - 16. Is p(5) prime?
True
Is (-5)/30*1*-13686 a composite number?
False
Let m(r) = -r**2 - 2*r + 141. Is m(0) prime?
False
Suppose -4*d - 4*t + 796 = 0, -3*d - 2*t + 269 = -323. Let h = -91 + d. Is h a composite number?
False
Let l = 106 - -486. Let i = l + -296. Let c = i + -153. Is c a prime number?
False
Suppose m - 169 = -5*s, 3*m = 2*s - 45 - 9. Is s a prime number?
False
Is (0 + 1)/((-25)/(-4175)) a composite number?
False
Suppose -2849 = -4*g + u - 42, 5*u = 25. Let c = g + -402. Suppose 5*l - 2*j = -0*l + c, 5*j + 74 = l. Is l a composite number?
False
Let l be 4 + (-1 - 0/3). Suppose g - 11 = 2*o, l*g + 3*o + 6 = g. Is g a prime number?
True
Let f(d) = -d - 6. Let x be f(-10). Suppose 0 = -3*u + x*p + 37, -4*u + 62 = -u + p. Is u a prime number?
True
Let f be (7 - 4)*2/3. Suppose -2*u - f*u + 100 = 0. Suppose 83 - u = 2*j + 5*l, 5*j + l = 99. Is j composite?
False
Let b be ((-3)/3)/(1/10). Let y = 15 - b. Is y prime?
False
Let k(c) = 7*c - 1. Let m be k(-6). Let l = 113 + m. Suppose s - l + 21 = 0. Is s a composite number?
True
Let c(a) = a**3 + 8*a**2 + 13*a - 19. Is c(17) a composite number?
True
Suppose -5*z - 5*x + 46 = 1, -2*z = -3*x - 33. Suppose z*q = 15*q - 159. Is q a composite number?
False
Suppose 0 = -3*c + 25*c - 196702. Is c a composite number?
False
Suppose 4*c + w + 2 = -w, -2*w = -c + 12. Suppose -3*q - 5*s = 11, -q + 3 = -c*s - 8. Suppose -q*x + 2*x + 49 = 0. Is x composite?
True
Suppose -r - r = 6. Let y(n) = -n**3 - 3*n**2 - n + 3. Let j be y(r). Suppose -j*x + 2*x = -28. Is x prime?
True
Suppose -938 - 62 = -4*v. Let o(i) = i**2 - i - 173. Let f be o(0). Let r = f + v. Is r a prime number?
False
Suppose -5 = -5*x + 10. Is (-46)/(-2) - (x + -1) composite?
True
Suppose 2*h + 308 - 1134 = 0. Is h composite?
True
Let c(m) = 6*m**2 - 6*m + 3. Let s be c(-8). Let k = -268 + s. Is k a prime number?
True
Let u = 4412 - 363. Is u composite?
False
Let u(c) = 2 - 3 - 41*c**3 + 4*c**3 + 183*c**3. Is u(1) a composite number?
True
Let o(a) = -16*a + 7. Is o(-7) a composite number?
True
Suppose 0*b - 846 = -3*j - b, 0 = 5*j + 2*b - 1410. Let i = 1222 - 821. Let g = i - j. Is g a prime number?
False
Let m be 6/3 - (2 + 0). Suppose 0 = -m*v - 2*v + z + 173, 0 = v + 4*z - 91. Is v a composite number?
True
Let l(t) = 11*t**2 + 4*t + 2. Is l(-5) composite?
False
Let n = 302 - 159. Is n a prime number?
False
Let o be 12/(-9)*(-78)/(-4). Let v = o - -79. Is v prime?
True
Let a(d) be the first derivative of 11*d**3/3 - 5*d**2/2 + 5*d + 1. Is a(4) a composite number?
True
Suppose c = 3*s - 32 + 100, -2*s = 3*c - 149. Let w = 88 - c. Is w prime?
False
Suppose 0 = -s - 5*t + 50, 4*t + 91 = 2*s - 23. Is s a composite number?
True
Let n(o) = -34*o + 27. Is n(-4) a prime number?
True
Suppose 5*f + r - 63 = 17, -4*f + 4*r + 40 = 0. Is f a composite number?
True
Let v = -70 - -17. Let k = 112 + v. Is k composite?
False
Suppose 0 = -w - 5*w + 2334. Is w prime?
True
Let v(k) = 2*k**3 + 4*k**2 - 4*k + 4. Let i be v(3). Let a = -57 + i. Is a composite?
True
Is 1*5 - (32 + -668) composite?
False
Let i = -2 - -2. Suppose 3*v - c - 12 = 0, 4*v - 4*c + 5 - 13 = i. Suppose -j = -v*j + 212. Is j composite?
False
Let v = -622 - -871. Is v a composite number?
True
Suppose 180 = -0*x + 3*x. Let w = x + -43. Suppose 2*l - w = 21. Is l a composite number?
False
Suppose 15*z = 18*z - 177. Is z composite?
False
Let a = -99 - -214. Is a prime?
False
Let l = 7 + -5. Let z = l + -4. Is (1/z)/((-2)/140) prime?
False
Suppose o + 2*v - 511 = 0, 4*v - 37 = -o + 474. Is o composite?
True
Suppose 0 = -4*i + 2*i - 200. Is 3*(4 - i/12) composite?
False
Let s(c) = 5*c**2 + 4 - c**3 + 5*c - 5*c**2 + 4*c**2. Let m(k) = -k**2 - 4*k + 5. Let y be m(-4). Is s(y) a composite number?
True
Let u(j) = -j**3 - 6*j**2 - 9*j - 13. Is u(-9) prime?
True
Let b = 332 + -108. Let z = b + -139. Is z a composite number?
True
Let r = 5 + 0. Let s(f) = 68*f + 6. Is s(r) a composite number?
True
Is 564/16 + (-1)/4 composite?
True
Is 318/(-9)*6/(-4) a prime number?
True
Let v(l) = -l**3 + 23*l**2 - 23*l - 52. Is v(21) composite?
False
Is ((-838)/(-4))/((-9)/(-18)) a prime number?
True
Suppose a + 4644 = 3*a + 2*h, -4*a + 9287 = 5*h. Is a prime?
False
Is (-633)/(-3) - (4 - 4) a prime number?
True
Let d(k) = 13*k**2 + k - 2. Let s be d(-2). Suppose -100 = -2*y + s. Is y prime?
False
Let x(l) = 1282*l**2 + 2*l + 2. Is x(-1) composite?
True
Let q be -3 + 0*2/4. Let i = q - -5. Suppose -l + 0*f + 53 = -i*f, -4*l = f - 221. Is l a composite number?
True
Let n(x) = 2*x**3 - x**2 - 2*x - 1. Let k be n(-1). Let s(g) = 21*g**2 + 4*g + 3. Is s(k) composite?
False
Let y(r) = r**3 + 21*r**2 - 7*r + 1. Is y(-20) a prime number?
True
Suppose 5*h = -3*t + 17, 4*h + 0*t - 24 = -5*t. Suppose -5*v + 25 = 5*d, 2*v - 3 = -h. Suppose 2*i = 5*y - 405, d*y + i = 6*y - 163. Is y a composite number?
False
Suppose -3543 = -5*l - 1298. Is l a composite number?
False
Let x(h) = 26*h. Let w be x(1). Let u = w - 1. Is u composite?
True
Suppose -2425 = -5*p - 695. Is p a composite number?
True
Is (86/(-4))/((-19)/114) prime?
False
Let n(m) = -3*m**3 + 9*m**2 + 16*m - 13. Let s(u) = -7*u**3 + 18*u**2 + 31*u - 27. Let t(w) = -5*n(w) + 2*s(w). Let d be t(12). Let a = d - 148. Is a composite?
False
Let d = -3 + 5. Suppose 3*p = 4*z - 914 - 788, 3*z - 1285 = -d*p. Is z composite?
True
Suppose -2*f - 3 = 3*b - 112, 0 = 2*b - 4*f - 46. Is b prime?
False
Let g(m) = m - 4. Let a be g(9). Suppose -a = -3*o - 17. Is 203*1*(-4)/o a prime number?
False
Suppose 0 = 2*g + 6*g - 4024. Is g prime?
True
Let t be (204/(-16) - 1)*-4. Suppose 0*d = d - t. Is d a composite number?
True
Let n(v) = -v**3 - 6*v**2 - 5*v. Let z be n(-5). Suppose 2*h + 18 - 152 = z. Is h a prime number?
True
Is -31*(-2 - (-1 + 0)) a composite number?
False
Suppose 0 = 5*z - a - 3174, -5*z + 0*a = -3*a - 3172. Is z a composite number?
True
Suppose -3*h + 12 = 3. Suppose -h*y = -y - 338. Is y a prime number?
False
Let o be (0 - -1)/((-2)/(-470)). Let b = 410 - o. Suppose 4*k - b = -k. Is k a prime number?
False
Let v(p) = -28*p**2 + 5*p + 4. Let i be v(-4). Is (-2)/10 + i/(-20) a composite number?
False
Is (-24)/(-4) - (2 - 2) prime?
False
Let i(r) = 10*r**3 - r + 4. Suppose 5*u - 13 = -3*d + u, 3*d - 4 = 5*u. Is i(d) a composite number?
False
Suppose 5*d - 5*h + 3*h = 0, 0 = -d + 4*h. Let n = -3 - d. Let q = 40 + n. Is q a prime number?
True
Is (-628)/(-16) + 2/(-8) prime?
False
Suppose -2*c = 0, 2*z = 4*z - 4*c - 74. Suppose -5*v + 3*b = -z, -3*v + b + 14 = -9. Is (12/v)/((-1)/(-2)) a prime number?
True
Let x = 539 + -384. Suppose y - 632 = -3*y - 2*i, y - x = i. I